 -3) + (0 - 1)?
2
What is the value of -6 - (2 - (6 + -2))?
-4
What is -2 - (-3 + (3 - (-4 - -2)))?
-4
Evaluate 5 - (8 - ((2 - -9) + -6)).
2
What is 8 + 1 + -1 + -4?
4
What is the value of (5 - 3) + 0 + 2 + -1?
3
Calculate (-14 - -17) + 0 + -4 + 4.
3
Calculate 3 + 3 + -15 + 3.
-6
Evaluate 3 - (5 - (-1 + -3 + 1)).
-5
Evaluate 13 + (-11 - 7 - 3).
-8
What is the value of -1 + 0 + -6 + 2 + 5?
0
Evaluate -1 - (-1 + -1 - (1 + -7)).
-5
2 - (6 + -5 + 0)
1
What is the value of (4 - (-3 - -7)) + -1?
-1
4 - (-5 + 5) - (-7 - -8)
3
What is -8 - -4 - (-9 - -7)?
-2
Calculate 5 + -10 - -5 - -4.
4
What is the value of (-1 - 0) + (11 + 1 - 7)?
4
What is the value of (8 + -3 - 2 - -3) + -8?
-2
Calculate 5 + -10 - (-6 - 0).
1
Calculate 1 + 2 + (-7 - -11).
7
-1 + (17 - (8 - -1))
7
What is -21 - (1 + -4 - 8)?
-10
What is the value of (22 - 23) + (-7 - -2) - 1?
-7
What is -9 - (-6 - (-3 + 1 - 0))?
-5
What is the value of 6 - (78 + -88 - (1 - 6))?
11
Evaluate 0 + (-5 - -6) + 0.
1
What is 2 - (11 + -10) - -1?
2
Evaluate -2 - (-7 - (1 - 9)).
-3
What is 16 - 5 - (7 + -2)?
6
Evaluate 2 - -18 - (34 + -19).
5
What is the value of 1 - (2 - -4 - 0)?
-5
1 + (-1 - 5) - (-39 + 37)
-3
What is -18 - -6 - (-1 + -11 + 5)?
-5
Evaluate (0 + -13 - -13) + 8.
8
What is the value of -4 + 2 + 9 + -9 + 6?
4
What is 7 - (5 + 0) - -1?
3
(0 - (4 + -1)) + (11 - 7)
1
What is the value of -23 + 27 + 3 + -1 - 5?
1
What is the value of 0 + (1 - 1) + (0 - -3)?
3
(7 - 12) + 0 + 1
-4
What is the value of -5 + 1 + (11 - 4)?
3
Evaluate -5 + 20 + 1 + -9.
7
What is the value of 2 + (-2 - -6 - 8) + 0?
-2
What is -31 - -37 - (11 - -2)?
-7
What is -1 - (0 - 0) - (-17 + 12)?
4
Calculate -16 - -12 - (0 + -1) - -4.
1
What is (7 - 10 - 8) + 5?
-6
What is 2 - 4 - (-5 + 11 + -5)?
-3
What is (91 - 103) + 1 + (9 - 2)?
-4
(4 - 7) + 3 + -5
-5
What is -1 - (7 - 11 - 1)?
4
-1 - ((-1 - -3 - 6) + 0)
3
(1 - -18) + (-228 - -218)
9
What is the value of -3 - (-1 + (10 - 13))?
1
Calculate 6 - ((0 - -10) + -4 + -1).
1
What is 12 + -16 + (4 - (5 + 0))?
-5
What is the value of (0 - -20) + -27 - (0 + -14)?
7
Calculate 1 - 10 - (-26 + 18).
-1
Evaluate 0 + (4 - ((14 - 7) + 0)).
-3
What is the value of (-8 - -5 - -8) + -3 + 4?
6
-2 + (16 - (8 + -8 - -5))
9
What is the value of 1 - (6 + 2) - -8?
1
What is 2 - (-3 - -12 - 3) - 0?
-4
Evaluate (-1 - 2) + -8 + 11 + 0.
0
What is the value of (0 - (-15 + 8)) + 1 + 0?
8
What is the value of 6 - (2 + -1) - (-303 - -301)?
7
Evaluate 0 + (-1 - (1 - 1)).
-1
What is the value of 4 + (-10 - -4) - -8?
6
What is -5 + (3 - (-2 - (1 - 0)))?
1
What is (0 - 5 - 3 - -2) + 3?
-3
Calculate 34 + -44 - (1 + -6).
-5
Evaluate 2 + -6 - (1 - (-2 + 4)).
-3
Calculate 7 + -2 + -16 + 8.
-3
What is the value of (2 - -8) + (-9 - -1)?
2
What is the value of (0 - 2) + 4 + -5 + 1?
-2
What is the value of -2 - 0 - (-12 - -10 - 2)?
2
Calculate 4 + (-11 - (-3 + -3)).
-1
Calculate 8 - (5 + 10 + 1).
-8
What is 4 + -6 + -3 + 10?
5
What is the value of -13 + 10 + 4 - (-1 - -3)?
-1
2 + -7 - (0 - 4 - -1)
-2
What is 3 + (2 - -1) - 5?
1
Evaluate 4 + -11 + 2 + 9.
4
Calculate (-2 - 3) + -3 - (-3 + 0).
-5
What is (-6 - 0) + (14 - 1)?
7
Evaluate -6 - -14 - (-1 + 4).
5
Evaluate -1 - (2 - -1 - 7 - -1).
2
Calculate 3 - 4 - (2 - (1 - -1)).
-1
What is the value of 0 + (1 - 5) - 2?
-6
Evaluate -9 + 5 + 12 + -7 + 7.
8
Evaluate -2 - 0 - (-7 + -4 - -5).
4
Evaluate (4 - -2) + -3 + -6.
-3
Calculate 15 + -13 - (-2 + -1).
5
Evaluate 4 + 11 - (17 - 5).
3
What is 4 + 0 - (1 + -1 + 1)?
3
-2 - (-6 + 3 + -1 + 4)
-2
What is the value of 3 + -3 + 2 + -2 + 2?
2
Calculate 3 + -5 + 5 - 2.
1
What is 1 + -1 + 14 + -17?
-3
-9 - -1 - (-32 + 25)
-1
Calculate 4 - 4 - 4 - -2.
-2
What is the value of 4 - (4 - (-1 + 6))?
5
Evaluate 3 + (3 - (4 - 2)).
4
Calculate 6 + -1 + 1 + -3 + -4.
-1
What is the value of -2 + 2 + 7 + -2?
5
What is -6 + 2 + (8 - -4)?
8
13 + 4 + -14 + (0 - -2)
5
What is the value of 6 - 3 - 4 - -8?
7
Calculate 9 + -7 - (4 - 6).
4
What is the value of 0 - (5 - (-1 - -10))?
4
Evaluate 4 + -9 + (4 - 6).
-7
Calculate (-25 - -24) + (2 - -2).
3
Evaluate -5 - (0 + (-5 - -4)).
-4
Calculate 1 + -3 + 1 + 5.
4
(0 - 11) + (20 - 7)
2
Evaluate (32 - 30) + -9 + -2.
-9
(3 - 5) + -5 - (-4 + 0)
-3
What is 1 + 19 + -11 + -4?
5
What is -8 + -1 - (-5 - -1)?
-5
What is the value of 1 + 12 + -10 + -2?
1
(1 - 1) + 6 - (0 + 0)
6
What is the value of -4 - -1 - (3 + 3 - 5)?
-4
What is 7 + 0 + -1 - (2 + -1)?
5
What is the value of 5 + 4 - (1 + -2 + 1)?
9
What is the value of 2 - (-7 + 10 + -6)?
5
What is 2 - ((0 - -2) + -1)?
1
What is the value of 3 + (2 + -4 + 3 - -3)?
7
-1 - (-6 - -2) - 0
3
What is -3 + 1 + -5 + 8?
1
8 - -1 - (4 + -3)
8
Evaluate 5 - (5 - 10 - (2 + -8)).
4
What is the value of 3 - (-3 + 2 + 2 + -3)?
5
Calculate 5 + (5 + -2 - 6) + 1.
3
(8 - 1) + -1 + (-6 - -4)
4
5 - (3 - (4 + -5))
1
What is 1 + -2 + -1 + -2?
-4
What is (-3 - 4) + 2 + 5?
0
Evaluate -7 + (17 - 4) + 2 + -7.
1
What is the value of -1 + (-1 - -6) + -1 + -2?
1
Calculate 4 + 0 + (-8 - -2) + 6.
4
Calculate 6 + (-6 - -3) + -2 + 3.
4
What is the value of 2 + (-4 - -4) + 2?
4
Evaluate 4 + 1 + 1 + -9.
-3
What is the value of -2 + 0 + 29 + -24?
3
What is -6 - (1 + 4 - 9) - -2?
0
Calculate -11 - (-3 + -2 + -9).
3
Evaluate -12 + 1 + 15 + -9.
-5
-8 - (-14 + 2 + 1)
3
What is 2 + 1 - 2 - (3 + -2)?
0
What is -1 + 5 + (4 - 1)?
7
2 + -13 + 6 - -8
3
Evaluate 3 + (-5 - -4 - 0).
2
What is -8 - (-4 + (9 - 9))?
-4
What is 6 + -5 + 2 + -4?
-1
What is the value of 1 - 4 - (3 + -12 + 13)?
-7
Evaluate 1 + -6 + 5 + 5.
5
-8 - (7 + 0 - 6)
-9
Calculate 2 - (-7 + 0 + 10 + 5).
-6
(-2 + 6 - 4) + -1 + -2
-3
1 + (-1 - -1) + -3
-2
Evaluate (-5 - -5) + -2 - -4.
2
3 - (4 - (4 - (3 + 1)))
-1
Evaluate (-11 - -3 - (-5 - -5)) + 4.
-4
What is the value of 6 - ((3 - (-3 + 6)) + 3)?
3
Calculate -1 + 4 + -1 + (39 - 42).
-1
1 + (4 - 4) + -1
0
What is -1 - -1 - (-9 + 9 + -3)?
3
Evaluate -7 + -13 + 6 + 4 + 1.
-9
What is the value of -16 - -11 - (-1 + 0 + -2)?
-2
12 + 8 + -18 - 3
-1
What is 2 + 6 + (-4 - -8) + -8?
4
9 - (-2 - (0 + -7)) - 10
-6
Evaluate 2 - (3 + (-5 + 2 - -4)).
-2
Calculate -23 + (2 - -8) + 16.
3
What is (-7 - (2 + -8)) + (3 - 5)?
-3
What is the value of (-3 - -2 - 6) + 1 + 7?
1
What is (-2 - -5) + -4 + 0 - -3?
2
(-1 - -3) + (7 - 9)
0
What is the value of 6 + 8 + -20 - -10?
4
What is -7 - -1 - (-31 + 25)?
0
What is (-7 - (-13 + -3)) + -9?
0
0 - (7 - (-4 + (4 - -4)))
-3
What is the value of 4 + 1 - (-22 + 27)?
0
What is -1 - 7 - -2 - (-3 + 0)?
-3
Evaluate 1 + (0 - 3) - (-4 - -2).
0
(1 + 2 - (9 + -8)) + 1
3
What is the value of (-12 - (-9 + -2)) + 2?
1
What is (-3 - 4) + 10 + (0 - 3)?
0
Evaluate 4 - 7 - ((-6 - -2) + -1).
2
Calculate 7 + -12 - (-1 + -2).
-2
What is the value of 3 + 3 - (-10 - -4 - -16)?
-4
-6 - ((-12 - (0 + -5)) + 2)
-1
What is the value of 0 - (-2 + -3 - 0 - 4)?
9
What is the value of -2 - 3 - (5 + (-5 - 2))?
-3
Evaluate -11 + -8 + 11 - 3.
-11
What is the value of -5 + (4 - (4 - (-2 - -5)))?
-2
Calculate -180 + 175 - (-7 - (0 + 0)).
2
What is the value of -3 - (-1 - 1 - 2)?
1
Evaluate (-37 + 17 - -17) + (0 - -4).
1
-3 + 3 + (-1 - -4) + 1
4
Evaluate 14 - 5 - 5 - (-1 + 0).
5
What is the value of -4 - (-5 - (3 - 12))?
-8
What is (-6 - -6) + (-1 - -1)?
0
What is the value of -1 + 4 + (-15 - (-13 + 1))?
0
What is the value of 9 - (15 + (-9 - -8))?
-5
What is the value of -9 + -4 - -7 - -10?
4
What is the value of (1 - -2) + 5 + 5 + -15?
-2
Evaluate 1 + (3 - (-5 - (-8 + 3))).
4
Calculate (2 - 0) + 2 + 1.
5
(-6 - -14) + -9 + 2
1
What is the value of -13 + -1 + 15 - (1 + -5)?
5
What is 3 + -1 - (-5 - -10)?
-3
Evaluate (5 - (-1 - -5)) + -1 + 5.
5
Evaluate (1 - -13) + -28 + 17.
3
Calculate -1 + 5 - (8 + -22 - -11).
7
(25 - 31) + (3 - 1)
-4
-11 - (14 + -1 + -32)
8
Evaluate -1 - -5 - ((7 - 11) + 4).
4
(0 - 8) + (-5 - -8)
-5
What is 2 - 0 - -3 - (9 + 2)?
-6
7 + -4 + 2 + -4 + 0
1
What is (1 - (-1 - -8)) + (10 - 1)?
3
What is the value of 2 + 4 - 3 - -2?
5
Calculate -4 + -1 + 2 - (0 + -2).
-1
What is -2 + ((2 - 5) + 1 - 0)?
-4
(-2 - -2) + -2 - (-32 + 36)
-6
-2 + (12 + -23 - -15)
2
Evaluate -1 - (-14 + 4) - 7.
2
What is the value of (0 - 3) + 0 + 1 + 2?
0
4 + 0 + -4 - 1 - -3
2
7 - ((-8 - -1) + 18)
-4
What is the value of 5 + (5 - 3) + -2?
5
Evaluate -3 + (11 - 5) + -2.
1
What is 1 - (11 + -3) - -1?
-6
Calculate -14 - -12 - (2